NOAA style reports
Select a Year or Month report
                   Monthly Climatological Summary for May 2024

Name: Eric Olthwaite   City: Gooseberry Hill   State: Western Australia
Elevation: 245 m  Lat: S 31° 57' 32"   Lon: E 116° 02' 48"

                  Temperature (°C), Rain (mm), Wind Speed (km/h)

                                      Heat  Cool        Avg
    Mean                              Deg   Deg         Wind                 Dom
Day Temp  High   Time   Low    Time   Days  Days  Rain  Speed High   Time    Dir
----------------------------------------------------------------------------------
01  19.6  24.1   12:24  15.9   09:00   0.1   1.4   3.0   6.9  33.8   09:18   ENE
02  20.3  25.1   11:54  15.7   07:18   0.4   2.4   5.0   3.1  27.4   13:49   WNW
03  16.0  22.4   14:23  11.7   06:42   2.8   0.5   0.0   1.8  20.9   07:09   SSW
04  15.1  21.9   15:22   9.7   06:35   3.7   0.5   0.0   2.4  19.3   02:17     S
05  15.3  21.2   14:19  11.7   06:00   3.2   0.3   0.0   1.6  19.3   15:10   SSW
06  15.6  22.3   15:15  11.8   06:48   2.9   0.2   0.0   4.3  30.6   02:54   ESE
07  18.9  25.6   14:26  14.1   07:11   1.2   1.8   0.0   8.5  33.8   23:05     E
08  20.1  25.8   14:19  17.1   06:36   0.2   2.0   0.0  10.3  38.6   01:05     E
09  21.3  25.1   15:41  17.9   06:02   0.0   3.0   0.0   5.6  27.4   09:33   NNE
10  21.0  27.6   14:13  17.6   05:51   0.0   2.8   0.0   3.8  32.2   14:04    NW
11  19.4  25.1   12:38  16.6   06:32   0.5   1.6   0.0   5.6  32.2   05:36     E
12  20.0  25.9   13:13  16.1   06:58   0.4   2.0   0.0   7.7  32.2   09:49     E
13  21.7  27.6   14:41  18.1   07:38   0.0   3.4   0.0   7.6  29.0   10:08     E
14  21.1  28.4   15:10  15.8   07:02   0.4   3.2   0.0   6.3  25.7   10:04   ESE
15  20.5  28.1   14:57  15.8   07:00   0.5   2.8   0.0   6.0  29.0   07:50   ESE
16  19.4  27.9   14:13  13.4   07:02   1.4   2.5   0.0   8.7  33.8   00:26   ESE
17  20.1  27.1   15:03  15.3   07:04   0.7   2.5   0.0   8.9  33.8   11:24     E
18  19.6  26.7   14:25  14.8   05:49   1.0   2.3   0.0   9.1  33.8   21:23     E
19  19.5  25.7   13:44  14.8   07:16   0.8   2.0   0.0   7.9  33.8   01:21   ENE
20  19.7  24.2   12:16  16.5   07:31   0.3   1.7   0.0   6.2  24.1   21:43   ENE
21  19.1  25.1   15:22  15.6   07:22   0.6   1.4   0.0   4.9  20.9   04:34   ESE
22  18.7  25.1   13:13  14.2   07:31   1.1   1.5   0.0   6.1  29.0   04:27     E
23  19.9  25.8   13:34  16.8   07:38   0.2   1.7   0.0   7.7  30.6   04:00   ENE
----------------------------------------------------------------------------------
    19.2  28.4    14     9.7     4    22.4  43.5   8.0   6.1  38.6     8       E

Max >=  30.0  0
Max <=  15.0  0
Min <=  12.0  4
Min <=   8.0  0
Max Rain: 5.0 on day 2
Days of Rain: 2 (>= 0.2 mm)  1 (>= 5.0 mm)  0 (>= 20.0 mm)
Heat Base: 18.3  Cool Base: 18.3  Method: Integration